r be x(-6). What is the greatest common divisor of r and 4?
2
Suppose -3*t = -8*t. Suppose t = -0*g + g - 75. Suppose -2*j + 7*j - g = 0. What is the greatest common factor of j and 15?
15
Let q be ((-4)/(-2)*2)/1. Suppose 23 = 3*i - 2*o, 5 = -o - q*o. What is the greatest common divisor of 49 and i?
7
Let i = -2 - -5. Let p be (-20)/i*(-12)/10. Let d(n) = -n + 1. Let l be d(0). Calculate the highest common factor of l and p.
1
Let y be 1/((-125)/(-60) + -2). Suppose 0 = -j + 3*j - 36. What is the greatest common factor of y and j?
6
Let y = -62 + 72. Calculate the greatest common factor of y and 20.
10
Suppose 0 = -t + 81 - 32. Calculate the highest common divisor of 245 and t.
49
Let z = 127 + -82. Calculate the highest common factor of z and 27.
9
Let m be 112/3*15/4. What is the highest common divisor of 56 and m?
28
Let y = 8 - -1. Suppose 25 = -2*m + 169. What is the greatest common factor of m and y?
9
Let u(v) = v**3 - 4*v**2 - v + 40. Let a be u(0). What is the highest common factor of a and 24?
8
Suppose 62 = 4*r + 2. What is the greatest common divisor of 15 and r?
15
Suppose 2*a = -2*a + 116. Suppose 8*t - 664 - 960 = 0. Calculate the greatest common factor of a and t.
29
Let i = -3 - -15. What is the greatest common divisor of i and 12?
12
Suppose 5*l + 39 - 6 = y, y + 3*l - 33 = 0. Let k = y + -13. What is the greatest common factor of 5 and k?
5
Let g(w) = 7*w**2 - w. Let m be g(1). What is the greatest common factor of 2 and m?
2
Let y be (-79)/(-7) - (4/(-14))/(-1). What is the greatest common divisor of y and 44?
11
Suppose 0 = 6*a - a + 2*y - 265, -3*y - 70 = -a. Let c(p) = -p**3 + 2*p**2 + 2*p + 5. Let l be c(0). Calculate the greatest common factor of a and l.
5
Let a be (-714)/(-36) - 1/6*-1. Calculate the highest common divisor of a and 50.
10
Suppose i + 2*i = -5*b + 37, -4*b = -3*i - 8. What is the greatest common divisor of 5 and b?
5
Let x be 19/2 + (-1)/2. Let r = x - 4. Let d = 68 - 33. What is the greatest common factor of d and r?
5
Let v = 27 - 19. Let n = -38 - -86. What is the highest common factor of v and n?
8
Suppose t - 2*t + 3 = 0, 2*w + 4*t - 52 = 0. What is the highest common factor of 8 and w?
4
Suppose -3*i = -7*h + 3*h + 63, 2*h = -5*i + 25. Let f be 56/(-21)*h/(-4). What is the highest common divisor of 110 and f?
10
Let x = 34 - 22. Calculate the greatest common factor of x and 84.
12
Suppose 136 = 8*f - 24. Calculate the greatest common divisor of 140 and f.
20
Let u = 94 + -62. Let l(t) = -7*t - 1. Let f be l(-7). Calculate the highest common factor of u and f.
16
Let y be (-30)/4*40/(-12). Suppose -y = -2*s - 3*s + 4*t, -5*s + 30 = -5*t. Calculate the highest common factor of s and 2.
1
Let p = -29 + 17. Let r = -4 - p. Calculate the greatest common divisor of 1 and r.
1
Let q be 13/1*(-4 + 5). What is the greatest common factor of q and 13?
13
Let y = -44 + 26. Let c = y - -25. Let m = c + -4. Calculate the greatest common factor of m and 1.
1
Let m be (-5)/(-2)*(-98)/(-35). Calculate the greatest common factor of 49 and m.
7
Let b be 2 + -4 + -103 + -1. Let x = b - -190. Let j = 11 - -1. Calculate the highest common factor of j and x.
12
Let g be (-24)/28*7*-3. What is the highest common factor of 108 and g?
18
Let n be -2 - (-966)/15 - (-4)/(-10). What is the greatest common divisor of 155 and n?
31
Let n(k) = 2*k - 6. Let j be n(4). Suppose 70 + 2 = 2*p - j*r, -5*r + 36 = p. Suppose z - 4*z = -p. What is the greatest common divisor of z and 30?
6
Let h(q) = -q**2 - 13*q - 24. Let c be h(-10). Let i(z) = -z**3 - z + 48. Suppose 0*g = 4*g. Let w be i(g). What is the greatest common factor of w and c?
6
Let b(u) = u**2 - 2 - 4*u + 7 + 0. Let n be b(6). Let r = -99 + 235. What is the greatest common factor of r and n?
17
Suppose 0 = 9*w - 8*w - 136. What is the highest common factor of w and 34?
34
Suppose p - 2 = 6. Suppose -5*d - 15 = -4*i - 35, i + 35 = 5*d. Calculate the greatest common factor of d and p.
8
Let o = -6 - -10. Let p be ((-2)/8)/(o/(-16)). Calculate the highest common divisor of 11 and p.
1
Suppose 2*b = 6, 2*z - 36 = b + 3. Let x(l) = l**3 + 17*l**2 - 25. Let u be x(-16). Calculate the highest common divisor of u and z.
21
Suppose 0 = x - 0*x + 5*f - 29, -f = 2*x - 40. What is the highest common divisor of x and 19?
19
Suppose p = 33 - 1. Let z = 0 + 3. Suppose p = -z*x + 167. Calculate the greatest common factor of 5 and x.
5
Let d = 151 + -66. What is the greatest common divisor of 34 and d?
17
Let s = -91 + 94. What is the greatest common divisor of 2 and s?
1
Suppose 3*u + 2*u = 40. Let r(z) be the third derivative of z**5/20 + z**4/8 - z**3/3 + 3*z**2. Let h be r(5). Calculate the highest common factor of h and u.
8
Let r(o) = -o**2 + 9*o + 6. Let z be r(9). Suppose i + 0 = z. Suppose -i - 2 = -2*j. What is the greatest common divisor of j and 6?
2
Let o(t) = -t**2 + 12*t. Let g = 16 - 11. Let w be o(g). Calculate the greatest common factor of 5 and w.
5
Suppose -6*n + 5*p = -2*n - 185, 89 = 2*n + p. Let v = -2 - -5. Let z be 3/(0 - v) - -31. Calculate the highest common divisor of n and z.
15
Let a be (-21)/(2 - (3 - 0)). Suppose a = 3*h - 3*q, h - 5*q = 1 - 10. Calculate the greatest common divisor of h and 88.
11
Let t = 364 - 292. Suppose -10 = -2*z + 8. Calculate the highest common divisor of t and z.
9
Let g(w) be the first derivative of 3*w**2/2 + w + 5. Let i be g(4). What is the greatest common divisor of 65 and i?
13
Let r = -131 + 135. What is the greatest common divisor of 2 and r?
2
Let v = 6 - 9. Let z = -5 - v. Let r = z + 77. What is the highest common factor of r and 15?
15
Let s(j) = -3*j + 20. Let p be s(-15). Calculate the greatest common divisor of 13 and p.
13
Let p be (-1)/(-4) + 297/(-36). Let i be (2 - -2)/(p/(-140)). Calculate the greatest common divisor of i and 14.
14
Suppose 0 = -3*x + 70 + 8. Suppose -u = -3*l + 315, -6*u = 4*l - 5*u - 413. Calculate the greatest common divisor of x and l.
26
Suppose 2*w + i - 41 = 4*w, 0 = -4*w - i - 67. Suppose 14*q = 13*q + 35. Let d = q + w. Calculate the highest common factor of 34 and d.
17
Let i = -23 + 38. Let p(b) = 6*b. Suppose -5*k = -6 + 1. Let w be p(k). What is the highest common divisor of w and i?
3
Let u = 2 - 0. Let m = 22 - -2. Suppose 0 = -u*h + 5*h - m. Calculate the greatest common divisor of 64 and h.
8
Suppose 5*f = -3*j + 40, -j - 3*j - 3*f = -46. Calculate the greatest common divisor of j and 70.
10
Let y be -50*(14/(-10) + 1). Suppose y = -5*x, 4*x + 8 + 4 = -f. What is the highest common divisor of f and 12?
4
Suppose 0*h = -4*h + 40. Suppose f + 4*f = 3*z - h, -29 = -4*f - 5*z. What is the highest common factor of 2 and f?
1
Suppose 0 = -z + d - 2*d + 31, 3*d + 82 = 2*z. Suppose -y + 9 = n - z, 4*n - 3*y - 141 = 0. Calculate the greatest common divisor of 26 and n.
13
Suppose -2*o - c = -20, -3*o - 10 = -4*o + 3*c. Calculate the greatest common divisor of 90 and o.
10
Let c be 2/(-4) - 13/((-26)/7). Calculate the greatest common divisor of 4 and c.
1
Suppose 3*u = 3*x - 11 + 92, 0 = -4*x + 16. Calculate the highest common factor of u and 341.
31
Let l = -538 + 790. Calculate the greatest common divisor of l and 36.
36
Let p be 2/(-11) - (-9)/(-11). Let o be (-12)/(-9)*p*-3. Calculate the greatest common factor of o and 16.
4
Suppose -143 = -6*l + 5*l. What is the highest common divisor of 13 and l?
13
Suppose -13*n + 12*n = -18. What is the highest common factor of 90 and n?
18
Let l be 9/((-3)/(-5 + 2)). Calculate the highest common factor of l and 1.
1
Suppose 4*v - 172 = 5*z - z, 4*v = 12. Let w be (44/10)/((-4)/z). Let u = 19 + w. Calculate the highest common divisor of u and 7.
7
Let t be (-2)/7 + (-4)/(-14). Suppose t = 3*z - 4*x + 11, z - 3*x = 2*z - 5. Let q be 35 - (1 - (z + 2)). Calculate the highest common factor of 14 and q.
7
Suppose 0 = -3*r + 54 + 12. Calculate the greatest common divisor of r and 176.
22
Let a = -136 + 289. Calculate the greatest common factor of a and 34.
17
Suppose -2*z + 3 = -z. Let q = z - -15. Suppose k = -4, 0*i = -3*i - 2*k + 19. What is the highest common divisor of i and q?
9
Let h be 33 + -1*(0 + 1). What is the greatest common divisor of h and 4?
4
Let c be 441/14 - (-1 + (-10)/(-4)). What is the highest common divisor of 90 and c?
